 and 3871938.
42
What is the greatest common divisor of 6 and 3454233?
3
What is the highest common divisor of 726 and 105028?
242
Calculate the highest common divisor of 58559 and 31.
31
Calculate the greatest common divisor of 4379175 and 225.
225
Calculate the greatest common factor of 84 and 14826.
42
What is the greatest common divisor of 110956 and 4?
4
What is the highest common factor of 265 and 631919?
53
What is the greatest common factor of 65601 and 2167?
197
What is the greatest common divisor of 75 and 107175?
75
What is the highest common divisor of 3245 and 3685?
55
What is the highest common factor of 2400 and 185160?
120
Calculate the greatest common divisor of 693 and 8064.
63
Calculate the greatest common divisor of 45684 and 576.
36
Calculate the greatest common divisor of 131 and 120389.
131
What is the highest common factor of 512 and 568?
8
Calculate the highest common factor of 140 and 43652.
28
Calculate the greatest common factor of 44707 and 169.
13
What is the highest common divisor of 38325 and 65625?
525
Calculate the greatest common factor of 2352 and 32424.
168
What is the highest common divisor of 7266425 and 50?
25
What is the greatest common divisor of 35482 and 904?
226
Calculate the greatest common divisor of 90 and 17370.
90
Calculate the highest common factor of 10887 and 456.
57
What is the highest common divisor of 326 and 1058522?
326
Calculate the greatest common factor of 53904 and 69.
3
Calculate the greatest common divisor of 236848 and 32.
16
What is the greatest common factor of 14916 and 4884?
132
Calculate the highest common factor of 27 and 2989863.
9
Calculate the highest common factor of 4520 and 22035.
565
Calculate the highest common factor of 3255 and 200415.
465
What is the highest common divisor of 328 and 16154?
82
Calculate the highest common divisor of 6 and 201024.
6
Calculate the greatest common divisor of 273325 and 725.
725
What is the greatest common factor of 48173 and 113602?
719
Calculate the highest common divisor of 13750 and 440.
110
What is the greatest common factor of 708 and 2432098?
118
What is the highest common divisor of 40 and 29272?
8
Calculate the highest common divisor of 4123512 and 288.
72
Calculate the greatest common divisor of 621 and 7066980.
621
What is the highest common divisor of 350 and 3234?
14
Calculate the greatest common factor of 280 and 11784.
8
Calculate the greatest common divisor of 39403 and 1365.
91
What is the greatest common factor of 128 and 1656?
8
What is the highest common divisor of 2935 and 40?
5
Calculate the greatest common factor of 6643 and 637.
91
What is the greatest common divisor of 3016 and 494?
26
What is the greatest common factor of 11250 and 84870?
90
Calculate the greatest common divisor of 56 and 1197896.
56
Calculate the highest common divisor of 345 and 42665.
115
Calculate the highest common divisor of 35 and 301910.
35
What is the greatest common factor of 585 and 5505?
15
Calculate the greatest common divisor of 162 and 14646.
6
Calculate the highest common divisor of 221886 and 378.
378
What is the greatest common factor of 1386 and 4718?
14
Calculate the highest common factor of 725 and 52075.
25
Calculate the greatest common factor of 6494 and 7956.
34
What is the greatest common divisor of 704 and 37952?
64
What is the highest common factor of 118156 and 65040?
1084
What is the highest common divisor of 444416 and 196?
28
Calculate the greatest common divisor of 837 and 465.
93
Calculate the greatest common factor of 104848 and 8.
8
What is the highest common factor of 15325 and 3725?
25
What is the highest common factor of 1769 and 9455?
61
What is the greatest common divisor of 248 and 4108430?
62
What is the highest common divisor of 480 and 322635?
15
What is the highest common factor of 183109 and 71?
71
Calculate the greatest common factor of 21 and 2040038.
7
Calculate the greatest common divisor of 118461 and 21.
21
Calculate the highest common divisor of 2542 and 4650.
62
What is the greatest common divisor of 33198 and 561?
33
Calculate the greatest common divisor of 65 and 54977.
13
What is the highest common divisor of 26624 and 36192?
416
Calculate the highest common factor of 13920 and 8880.
240
What is the greatest common divisor of 354305 and 764?
191
What is the greatest common divisor of 57012 and 252?
12
Calculate the highest common divisor of 8397 and 459.
27
What is the greatest common divisor of 79067 and 544?
17
What is the highest common divisor of 36880 and 51440?
80
What is the greatest common factor of 231489 and 18?
9
What is the highest common factor of 15 and 3594?
3
What is the highest common factor of 2072 and 222?
74
Calculate the greatest common factor of 1702 and 140378.
74
What is the highest common divisor of 93 and 83700?
93
What is the greatest common divisor of 27 and 90621?
9
What is the highest common factor of 13 and 33163?
13
Calculate the greatest common divisor of 147 and 1099119.
147
Calculate the greatest common divisor of 3408 and 16259.
71
Calculate the greatest common factor of 2162 and 184.
46
Calculate the highest common factor of 20350 and 528.
22
Calculate the highest common factor of 884 and 1229202.
442
Calculate the greatest common divisor of 14 and 2751322.
14
Calculate the greatest common factor of 804 and 8268.
12
Calculate the greatest common divisor of 553031 and 633.
211
What is the highest common divisor of 1147 and 34689?
31
What is the greatest common factor of 3249 and 20938?
361
Calculate the greatest common factor of 2 and 114382.
2
Calculate the greatest common factor of 1144 and 83941.
143
What is the highest common divisor of 9828 and 26676?
1404
Calculate the greatest common factor of 47 and 1575487.
47
What is the highest common divisor of 5 and 721915?
5
What is the greatest common factor of 7 and 108024?
7
Calculate the greatest common factor of 169026 and 1430.
286
Calculate the greatest common factor of 696 and 2915022.
174
Calculate the highest common divisor of 52004 and 20.
4
What is the highest common factor of 97 and 1879957?
97
Calculate the greatest common factor of 1125 and 5715.
45
Calculate the highest common divisor of 156 and 110188.
52
Calculate the highest common factor of 5473 and 39.
13
Calculate the greatest common factor of 234 and 2196.
18
Calculate the greatest common factor of 27 and 645543.
27
Calculate the highest common divisor of 1397 and 14817979.
1397
Calculate the greatest common factor of 242 and 54571.
121
What is the greatest common divisor of 62271 and 555?
111
What is the greatest common factor of 8021338 and 1378?
1378
Calculate the greatest common divisor of 31 and 583172.
31
What is the greatest common divisor of 16180 and 120?
20
What is the greatest common factor of 146510 and 6?
2
What is the greatest common divisor of 2184 and 1912?
8
Calculate the greatest common factor of 2278 and 101438.
134
What is the highest common divisor of 1892 and 3388?
44
Calculate the highest common divisor of 704700 and 8.
4
What is the highest common factor of 2812 and 7252?
148
Calculate the highest common divisor of 95 and 95855.
95
What is the greatest common factor of 1715 and 12348?
343
What is the greatest common divisor of 55 and 797500?
55
Calculate the greatest common divisor of 60 and 1577748.
12
What is the greatest common factor of 481610 and 110?
10
Calculate the highest common factor of 194171 and 562.
281
Calculate the highest common divisor of 171431 and 39.
13
Calculate the highest common divisor of 42 and 1199415.
21
What is the highest common factor of 168793 and 289?
17
What is the highest common divisor of 2007 and 2601?
9
What is the greatest common factor of 23736 and 644?
92
What is the highest common factor of 251968 and 14384?
496
What is the highest common divisor of 672 and 2076?
12
What is the highest common factor of 280 and 10480?
40
Calculate the greatest common factor of 37629 and 4520.
113
What is the highest common factor of 21476 and 819?
91
What is the greatest common divisor of 64 and 8168?
8
What is the greatest common divisor of 67 and 229073?
67
What is the highest common factor of 6003 and 675?
9
Calculate the greatest common divisor of 5550 and 6882.
222
What is 